5?
-204
In base 4, what is -321 - 1?
-322
In base 6, what is -1320 + 14?
-1302
In base 6, what is 2 - 2402?
-2400
In base 10, what is -797 + 5?
-792
In base 9, what is 38 - 0?
38
In base 5, what is -2044 + -14?
-2113
In base 15, what is -1a9e + -4?
-1aa3
In base 14, what is -1c - 21?
-3d
In base 5, what is -1110 - 140?
-1300
In base 5, what is -2104 - -100?
-2004
In base 6, what is 3 + -1114?
-1111
In base 5, what is 110 + -3?
102
In base 10, what is 2 + 57?
59
In base 5, what is 0 + 40024?
40024
In base 14, what is -125a + -5?
-1261
In base 3, what is -20020 - 200?
-20220
In base 15, what is 2 - 32?
-30
In base 16, what is 14 - 6?
e
In base 11, what is -4 - -49?
45
In base 8, what is 4166 - -5?
4173
In base 5, what is -10 + 1312?
1302
In base 12, what is -7 + -103?
-10a
In base 15, what is -dd - 4?
-e2
In base 11, what is -2 + 1700?
16a9
In base 8, what is -216 + -7?
-225
In base 4, what is -3 - -12121?
12112
In base 5, what is 11 + 1040?
1101
In base 10, what is -4857 - 5?
-4862
In base 6, what is -10 + -55?
-105
In base 12, what is -9 + -315?
-322
In base 8, what is -1 + 263?
262
In base 4, what is 0 - 23133?
-23133
In base 14, what is -1 - -3db?
3da
In base 9, what is -17518 + -4?
-17523
In base 5, what is -120120 - 10?
-120130
In base 9, what is -1061 - 5?
-1066
In base 7, what is -1062 + 2?
-1060
In base 5, what is -10 + 10244?
10234
In base 4, what is 13 - -1330?
2003
In base 10, what is 683 - 0?
683
In base 3, what is -12 - 20?
-102
In base 12, what is -2a + -2?
-30
In base 2, what is -101100101100 - -100?
-101100101000
In base 13, what is 5 + -9b6?
-9b1
In base 13, what is -118 - -c?
-109
In base 11, what is -37 + -4?
-40
In base 3, what is -101020221 + -10?
-101021001
In base 16, what is 8e + -16?
78
In base 16, what is -5 - 2a5?
-2aa
In base 2, what is -10 - 10001110?
-10010000
In base 7, what is -13 + 24?
11
In base 8, what is 262 + 76?
360
In base 14, what is 2 + -246?
-244
In base 8, what is 21 + -216?
-175
In base 13, what is -1 - -601?
600
In base 10, what is -5 + 7859?
7854
In base 4, what is 212001 + 22?
212023
In base 10, what is -5 + 113?
108
In base 7, what is 1 + -45?
-44
In base 8, what is -342 + 16?
-324
In base 15, what is 2d - 5?
28
In base 9, what is 272 + 0?
272
In base 13, what is 14c + -10?
13c
In base 7, what is 3 + 16?
22
In base 2, what is 1 + 100110?
100111
In base 15, what is -26 - -2?
-24
In base 14, what is 6 + 265?
26b
In base 7, what is 1133 - -4?
1140
In base 5, what is -110032 + 2?
-110030
In base 15, what is -6 - -107?
101
In base 3, what is 0 - 12100112?
-12100112
In base 4, what is -2 + 20?
12
In base 3, what is -2 - 212?
-221
In base 12, what is -3 + -34?
-37
In base 4, what is -10 + -1003?
-1013
In base 5, what is -22011 + 11?
-22000
In base 10, what is -2 + 74?
72
In base 6, what is 1010 + 2?
1012
In base 4, what is -2123 + 111?
-2012
In base 6, what is 111 - -121?
232
In base 14, what is -4bd - -3?
-4ba
In base 9, what is 4 - -57?
62
In base 11, what is -10538 - 5?
-10542
In base 11, what is -844 + 4?
-840
In base 6, what is 5043 - 5?
5034
In base 16, what is -5 + 122?
11d
In base 16, what is -7 + a6?
9f
In base 5, what is 10 - 42?
-32
In base 7, what is -10 - -20?
10
In base 11, what is 13 + 29?
41
In base 5, what is -13 - 1440?
-2003
In base 3, what is 1212 + -1000?
212
In base 2, what is -110010 - -10011000?
1100110
In base 2, what is -111010 + -11?
-111101
In base 15, what is -256 - -2?
-254
In base 12, what is -2 - 52?
-54
In base 6, what is -12 - -32?
20
In base 5, what is 140034 - 2?
140032
In base 5, what is -144 + -1?
-200
In base 4, what is 111 + 1130?
1301
In base 9, what is -62 - 4?
-66
In base 10, what is 3161 - -5?
3166
In base 12, what is -3 + 30?
29
In base 16, what is -c2 + -13?
-d5
In base 3, what is 21222 - -211?
22210
In base 3, what is -10 + 1012101?
1012021
In base 2, what is -100101111 + -1?
-100110000
In base 3, what is -11 + 11011?
11000
In base 13, what is 5 + 45?
4a
In base 6, what is -2 + 3144?
3142
In base 13, what is 33 + 150?
183
In base 11, what is -3 + -85?
-88
In base 14, what is 756 - 2?
754
In base 15, what is 741 + -2?
73e
In base 13, what is -5 + a16?
a11
In base 3, what is 1212 + 2112?
11101
In base 9, what is -23 + -61?
-84
In base 14, what is -8 - 0?
-8
In base 4, what is 12 + -10231?
-10213
In base 8, what is -1 + -10?
-11
In base 11, what is -9 + -30?
-39
In base 2, what is -1010011111 - -101?
-1010011010
In base 7, what is -120 + -52?
-202
In base 4, what is 132 + 21302?
22100
In base 13, what is -2 + 35?
33
In base 2, what is 100101010 - -1?
100101011
In base 4, what is 1001 + -1?
1000
In base 10, what is 37 - 312?
-275
In base 9, what is -341 + -61?
-412
In base 14, what is 1 - -29?
2a
In base 13, what is 49 - -5a?
a6
In base 2, what is -11000000111 - 11?
-11000001010
In base 3, what is -1022 + -10?
-1102
In base 14, what is 14 + 4?
18
In base 13, what is -409 + -6?
-412
In base 16, what is 34 + 6?
3a
In base 13, what is -5 + -4b0?
-4b5
In base 12, what is a68 + 5?
a71
In base 6, what is -21 + -42?
-103
In base 12, what is 730 - 0?
730
In base 5, what is 22 - -20?
42
In base 2, what is -11 - 10100011100?
-10100011111
In base 14, what is -1743 - -5?
-173c
In base 16, what is -24 - 5?
-29
In base 7, what is 143 - -31?
204
In base 14, what is 37 - 6a?
-33
In base 14, what is -19 - -a3?
88
In base 5, what is -3 - 13003?
-13011
In base 6, what is 10 + 4152?
4202
In base 12, what is -4a - 4?
-52
In base 12, what is -4 - -28?
24
In base 3, what is -2020 + 12?
-2001
In base 14, what is 5a - -11?
6b
In base 13, what is 17 + 4?
1b
In base 15, what is 1 - -74?
75
In base 11, what is -3 - -39?
36
In base 4, what is -1101 - -10?
-1031
In base 5, what is -13312 - 10?
-13322
In base 8, what is 1127 + -4?
1123
In base 3, what is -1 + -221221?
-221222
In base 6, what is 5 - -353?
402
In base 9, what is 283 - -5?
288
In base 12, what is 7 - -48a?
495
In base 14, what is -2 + -6a?
-6c
In base 8, what is 0 + -1336?
-1336
In base 12, what is -120 - 2?
-122
In base 14, what is -2 + -51c?
-520
In base 4, what is -1100313 - -1?
-1100312
In base 10, what is -809 - -2?
-807
In base 13, what is -c - 1?
-10
In base 10, what is 2 - 2559?
-2557
In base 8, what is -3 + 177?
174
In base 13, what is -8c + -2?
-91
In base 4, what is -23 - -1131?
1102
In base 12, what is -1ab + 4?
-1a7
In base 16, what is 186 + -14?
172
In base 16, what is 1 - 4a3?
-4a2
In base 8, what is 7 - -26?
35
In base 6, what is -14 - -54?
40
In base 15, what is -e796 + -3?
-e799
In base 14, what is 1700 - 5?
16d9
In base 3, what is 211 - 0?
211
In base 3, what is 2121200 - -1?
2121201
In base 14, what is -9 - 5?
-10
In base 14, what is -5 + b?
6
In base 14, what is -1 - -57?
56
In base 15, what is 1 - 18a?
-189
In base 12, what is 5 - -6?
b
In base 12, what is 8 + 25?
31
In base 14, what is -5 - 3c0?
-3c5
In base 6, what is 5 + 113?
122
In base 13, what is 15 + a0?
b5
In base 8, what is 5 - -105?
112
In base 16, what is 4 + -2?
2
In base 4, what is -323 - -110?
-213
In base 3, what is 0 - -11100?
11100
In base 9, what is 604 + 4?
608
In base 11, what is -4 - -a0?
97
In base 4, what is 312 - -32?
1010
In base 5, what is -322321 - -10?
-322311
In base 8, what is -2520 + 11?
-2507
In base 8, what is -6 - 107?
-115
In base 8, what is -5005 - 3?
-5010
In base 14, what is -154 + 2d?
-125
In base 10, what is 1704 + -1?
1703
In base 4, what is 110012 - -2?
110020
In base 12, what is 18a - 0?
18a
In base 7, what is 653 - -1?
654
In base 15, what is 10 - 0?
10
In base 8, what is 6 - 1124?
-1116
In base 14, what is 2468 - -4?
246c
In base 3, what is -101 - 122002?
-122110
In base 16, what is 3 + -4ce?
-4cb
In base 9, what is -14 - -21?
6
In base 9, what is 741 - -5?
746
In base 13, what is 35c + 2?
361
In base 8, what is -4552 - -5?
-4545
In base 10, what is 105 - 0?
105
In base 11, what is -32 + 18?
-15
In base 16, what is -305 + -3?
-308
In base 4, what is 13021 + -11?
13010
In base 14, what is d - 7?
6
In base 9, what is -277 - 1?
-278
In base 6, what is 110 - 15?
51
In base 15, what is 5 + -2?
3
In base 10, what is -259 + -6?
-265
In base 5, what is 4 - -4410?
4414
In base 5, what is 20 - -130?
200
In base 13, what is 1 - 1b?
-1a
In base 5, what is -321033 - 2?
-321040
In base 5, what is 104304 - 3?
104301
In bas